ided by v.
14
Let v = 44 + -23. Suppose 0 = -2*f - 6 + 30. What is the remainder when v is divided by f?
9
Calculate the remainder when 29 + 24/(-20)*5/2 is divided by 7.
5
Suppose 0*q = -2*q + 110. What is the remainder when q is divided by 7?
6
Calculate the remainder when ((-18)/(-12))/(2/20) is divided by 9.
6
What is the remainder when 56 - (0 + 1/(2/6)) is divided by 19?
15
Suppose 5*m = -5*a + 30, m - 16 = -0*m - 3*a. Suppose -5*p + 12 = 32, 2*g - p - 8 = 0. Calculate the remainder when g is divided by m.
0
Let d = -13 - -22. Suppose 4 = -x - 2*b - 1, -2*b = 6. Calculate the remainder when d is divided by x - 3 - (-5 + -2).
4
What is the remainder when 21 is divided by 8/(-14) + 567/49?
10
What is the remainder when 78 is divided by (-55)/(-2) - (-1)/(-2)?
24
Let j(v) = v**3 + v + 11. Let h = 6 - 6. Suppose -2*i + 128 = 2*i. What is the remainder when i is divided by j(h)?
10
Suppose -3*v - 8 = d, -9 = -3*d + 2*v + 11. Calculate the remainder when 10 is divided by d.
2
Let y = -10 + -1. Let h = y + 20. Calculate the remainder when 24 is divided by h.
6
Let n(x) = 2*x**2 + 2*x - 3. Calculate the remainder when 35 is divided by n(-3).
8
Let q(l) = -l**3 - 6*l**2 + l - 8. Let r be q(-6). Let z be (3 - 0) + (-120)/4. Let n = r - z. Calculate the remainder when n is divided by 7.
6
Let w be 3/3 + (2 - 1). Suppose -w*s - 2 = 2. Calculate the remainder when 19 is divided by (-2 - -9)/(s/(-2)).
5
Suppose 0 = 5*k + 34 - 119. Calculate the remainder when 67 is divided by k.
16
Suppose -j - 1 + 3 = 0. Let r(n) = -4*n**2 - j*n + 11*n**3 + 1 + 4*n**3 + 5*n**2. Calculate the remainder when 43 is divided by r(1).
13
Suppose 2*u - 3*g + 8 = 0, 3*u + g - 8 = 5*u. Calculate the remainder when 69 is divided by (-680)/(-28) + u/14.
21
Let w = -10 - -57. Suppose 0 = 4*d + 204 - 52. Let x = -22 - d. Calculate the remainder when w is divided by x.
15
Suppose u - 4 = -1. Suppose -m + 11 = u*t, 18 = 4*m - t - 52. Calculate the remainder when 67 is divided by m.
16
Suppose -30 = -g - 5*c, -4*g + 3*g = -c. Suppose -2*d + 4 = -2*o, g*d - o = o + 13. What is the remainder when d is divided by 1?
0
Suppose -11*x = -10*x - 89. Calculate the remainder when x is divided by 23.
20
Let p(y) = y**2 + 2*y - 11. Suppose 4*t - 75 = -23. What is the remainder when p(-8) is divided by t?
11
Let y(u) = 2*u**2 - 11*u - 4. Suppose -4*k - 2*j + 18 = 0, -27 = -4*k + j - 0*j. Calculate the remainder when 9 is divided by y(k).
1
Suppose -k - k = -18. What is the remainder when (-1)/((-357)/(-72) - (-10)/(-2)) is divided by k?
6
Let r = -5 + 7. Suppose -4*q = m - 13, -m + r*m = 4*q + 45. Let u = -18 + m. Calculate the remainder when 21 is divided by u.
10
Suppose -32 = -3*j - 4*a, 3*j + a - 20 + 3 = 0. Let q(n) = -n**2 - n + 14. What is the remainder when q(0) is divided by j?
2
Suppose 8*f - 3*f = 80. Calculate the remainder when 110 is divided by f.
14
Let h = 46 + -31. Let y be (27/2)/((-11)/(-22)). Suppose 2*p + p - y = 0. What is the remainder when h is divided by p?
6
Let i(l) = 0 - l + 2 + 2. Suppose 3*h - 8*h = 45. What is the remainder when 50 is divided by i(h)?
11
Suppose -2*z - z = 6. Let p be z/(-3)*9/2. Suppose 0 = -v - p + 11. Calculate the remainder when 23 is divided by v.
7
Let b = -143 - -159. What is the remainder when 25 is divided by b?
9
Let c be 5 - 6/(-9)*-3. Suppose 0 = -4*h + c + 5. Calculate the remainder when 5 is divided by (12/4)/(3/h).
1
Suppose 78 = 3*c - 0*c. Suppose -4*d = -4*t - 308, d + 2*t = t + 73. Calculate the remainder when d is divided by c.
23
Let b(f) = -f**3 + 13*f**2 - 4*f + 21. What is the remainder when b(12) is divided by 10?
7
Suppose f - 6*f = 2*i - 27, 4*i + 4*f = 24. Calculate the remainder when 2 is divided by i.
0
Let m(d) = -15*d - 6. Let b be m(-5). Suppose -4*l + 19 = -b. Calculate the remainder when l is divided by 8.
6
Let u(w) = 9*w - 33. What is the remainder when 47 is divided by u(5)?
11
Let c(h) = 2*h - 7. Calculate the remainder when 39 is divided by c(9).
6
Let d(s) = -s**3 - 5*s**2 - s + 2. Let a be 27/2*(-20)/(-6). Suppose -q = -4*q + a. Calculate the remainder when d(-6) is divided by q.
14
What is the remainder when (-10 - -6)/(4/(-28)) is divided by 15?
13
Suppose -5*u + 7 + 18 = 0. Suppose -5*b = 3*j - 63, -4*b + 44 = -j + u*j. What is the remainder when b is divided by 12/(-7)*(-7 - 14/(-6))?
7
Suppose 0 = 4*q - 4*p - 368, -462 = -5*q + 2*p + 2*p. Calculate the remainder when q is divided by 24.
22
Suppose -4*n + 2 + 1 = -3*a, -3 = a - 2*n. Suppose a*m = 2 + 34. What is the remainder when m is divided by 7?
5
Calculate the remainder when -2 + 1 + 3 + 35 is divided by (11 - -1) + 1 + 0.
11
Let g = 7 + -2. Let t(q) = 2*q - 4. Let z be t(4). Suppose -g*l + 133 = 4*f, 42 = l + l - z*f. What is the remainder when l is divided by 9?
7
Let k(w) = -w**2 + w + 13. Suppose 2*m + 0*m = 0. Suppose -2*s + 5*i = -67, -4*s - 3*i - 33 = -5*s. Calculate the remainder when s is divided by k(m).
10
Let v be (-5)/(2 - (-27)/(-6)). Suppose -v*r - 54 = -4*r. What is the remainder when r is divided by 15?
12
Let p = -77 + 147. What is the remainder when p is divided by 24?
22
Let c(i) = 2*i**2 - 6*i + 1. Calculate the remainder when 32 is divided by c(4).
5
Suppose 5*f - 535 = 2*x, -5*f - 2*x + 479 = -36. Let q = 87 + 38. Suppose -5*h = -0*j - 4*j + q, h + f = 4*j. Calculate the remainder when 49 is divided by j.
24
Let b(r) be the first derivative of -7*r**4/4 - 2*r**3/3 + r**2 + 2*r + 1. Calculate the remainder when b(-2) is divided by 16.
14
Let c = -18 - -39. Calculate the remainder when 82 is divided by c.
19
Calculate the remainder when (1 - (0 + 0))/((-13)/(-182)) is divided by 5.
4
Let c be -1 + 2 - (-3 + -1). Calculate the remainder when 38 is divided by 0/(-2) - (-15 + c).
8
Let n be 4*1/1 - 2. Suppose -5*x + n = -4*x. Suppose 5*o + 16 = j + x*j, 19 = 3*j - 2*o. Calculate the remainder when 12 is divided by j.
5
Let c = 222 - 156. Let z = c + -46. Calculate the remainder when 38 is divided by z.
18
Let x(u) = 6*u - 8. What is the remainder when 28 is divided by x(3)?
8
Let y be (-2)/1 + 0 - -4. Suppose 9 - 17 = -4*d. Suppose 4*x + y*g - 62 = 0, -2*x = d*x + 4*g - 56. What is the remainder when x is divided by 6?
5
Let k = -6 - 10. Let s = -7 - k. Calculate the remainder when 16 is divided by s.
7
Let v be 1 - 2*(-1)/1. Let k(t) = -t**3 + 6*t**2 - 3*t - 4. Suppose b - 6 = -0*b - 2*x, 2*x = 4*b - 34. What is the remainder when k(v) is divided by b?
6
Suppose -5*x + 138 = -z, 4*x - 29 - 85 = 2*z. Let h = 49 - 30. Let a = x - h. What is the remainder when 22 is divided by a?
6
Suppose 0 = 3*c - c - 60. Calculate the remainder when c is divided by 8.
6
Suppose 0 = 5*a - 5*k - 160, 6*k = k + 15. Let t = a + -3. Calculate the remainder when t is divided by 7.
4
Suppose 3*j - 3 = r, j + 53 = 4*r + 2*j. Suppose -a - 5*c = r, c - 15 = -2*a + 4*c. Suppose 102*n = 100*n + 10. Calculate the remainder when n is divided by a.
2
Let t = 13 - 1. Let l(q) = 12*q + 8. Let u be l(7). Suppose -i - u = -5*i. What is the remainder when i is divided by t?
11
Suppose -k + 42 + 0 = 0. Suppose 55 = 116*s - 111*s. What is the remainder when k is divided by s?
9
Suppose -3*s - s = 0. Suppose -5*m + 3*f + f + 671 = s, 3*f = -2*m + 250. Let i = m - 78. Calculate the remainder when i is divided by 14.
11
Suppose 3*o + 3*i - 27 = 0, 4*o - i - 9 = 2*o. Suppose o*g - 53 = 3*g - 4*q, -3*g + 41 = -2*q. What is the remainder when g is divided by 9?
6
Let r = -420 - -296. Let i = r - -178. Calculate the remainder when i is divided by 14.
12
What is the remainder when 51*(0 + 8 + -5) is divided by 31?
29
Let b = 2 - 2. Suppose b*l = -l + 32. Calculate the remainder when l is divided by 11.
10
Let q = 54 - 29. Suppose 3*y - 2 = 1. Calculate the remainder when q is divided by -26*(y/2 - 1).
12
Calculate the remainder when 55 is divided by (-4)/(-32)*4 - 58/(-4).
10
Calculate the remainder when 1*(75 + 2 + -3) is divided by 27.
20
Suppose 0 = 3*k + 3 - 48. What is the remainder when k is divided by 8?
7
Let s(v) = v**3 + 1. Let w be s(2). Let q = w + 13. What is the remainder when q is divided by 8?
6
Suppose j + 1 = 10. Calculate the remainder when 34 is divided by j.
7
Suppose 5*r = -0*r + h + 90, 2*r = -3*h + 53. Calculate the remainder when 36 is divided by